Suppose 14*h = -3*h + 34. Suppose 5*v = 3*p + 165, -h*v - 2*p + 66 = -0*p. Let i = 38 + -21. What is the remainder when v is divided by i?
16
Let s(z) = -2*z**3 + z**2 - z + 2. Let m be s(2). Let t be 1*(m/(-4) - -1). Suppose 7*u - 24 = t*u. Calculate the remainder when 25 is divided by u.
1
Calculate the remainder when -17 - -39 - -2430 - 15 is divided by 122.
119
Let w = -247 + 278. Let k(b) = -b**2 + 29*b + 66. Calculate the remainder when 14 is divided by k(w).
2
Let x(t) = 2*t**2 - 21*t - 28. Calculate the remainder when 912 is divided by x(19).
27
Let m(i) = -i. Let r be m(0). Suppose r = -5*c + 258 - 18. Suppose -5*u = -7 + 2, -3*u = -2*b + 187. What is the remainder when b is divided by c?
47
Let n = -972 + 1069. Calculate the remainder when n is divided by 26.
19
What is the remainder when 1569 is divided by (-147 + 156)*52/6?
9
Suppose 48 = 8*c - 72. Let h = -44 - -66. Let o = h - c. What is the remainder when 20 is divided by o?
6
Suppose 0 = -418*a + 7973 - 2539. Let z be (-352)/(-6)*6/1. Suppose z = 4*p - 56. Calculate the remainder when p is divided by a.
11
Suppose -4*f = 44 - 136. Suppose 18*p + 130 = f*p. Calculate the remainder when p is divided by (25 - -3)/(1 - -1).
12
Let c(q) = -3*q - 6. Let z be c(-3). Suppose z*f - 36 = 3*a, -5*a - 30 = -f - f. Calculate the remainder when 40 is divided by 1 + -1 - 70/(5 - f).
12
Let k(m) = 2*m + 100. Let c be k(-22). Calculate the remainder when 174*(c/24 - 1) is divided by 61.
49
Let i(s) = 4*s**2 + 1. Let l be i(1). Let g(n) = n**3 - 3*n**2 - 5*n - 7. Calculate the remainder when 32 is divided by g(l).
14
Suppose d + 3*d = 84. Suppose -o = -2*y - 13, 3*y = o - 6 - 11. Suppose -h + 3*q = -2*q + 7, o*q = -5*h + 55. Calculate the remainder when d is divided by h.
5
Let n(x) = 4*x**3 + 3*x**2 + x - 3. What is the remainder when n(3) is divided by (98/6)/(13*3/117)?
37
Let n be (12/8)/((-6)/(-48)). Suppose n*q - 23 - 37 = 0. What is the remainder when 7 is divided by q?
2
Suppose -5*y = 1 - 26. Let a(c) = -c**3 - 3*c**2 + 2. Let l be a(-4). Suppose 0 = -3*h + h + l. Calculate the remainder when h is divided by y.
4
Let a be (-7 - 280/(-30))/(3/306). Let y = a + -231. Let q(v) = v**2 + 3. Calculate the remainder when q(-3) is divided by y.
5
Let o = -753 + 956. What is the remainder when o is divided by 3?
2
Let c(a) = 38*a**3 - 2*a + 1. Let g(p) = -2*p - 12*p + 2*p**2 - 15 - 6 + 6. Let k be g(8). Calculate the remainder when c(k) is divided by 12.
1
Suppose 205 = 16*l - 11*l. What is the remainder when l is divided by (-6)/(1 + 0)*(-114)/76?
5
Let k = -30 - -35. Let i(r) = -2*r + 10. Let v be i(k). What is the remainder when 47 is divided by 15 + v + (-4 - 0 - -1)?
11
Suppose 11*t + 12 = 584. Calculate the remainder when t is divided by (-2)/(-10) + (-2080)/(-100).
10
Let b = -3351 - -3374. What is the remainder when 961 is divided by b?
18
Calculate the remainder when (-3129)/(0 + -8 + (-265)/(-35)) is divided by 22.
19
Let o(f) = -22*f**3 - 3*f**2 + 6*f - 2. What is the remainder when o(-2) is divided by 18?
6
Let c(z) = -z**2 + 8*z - 6. Suppose -24 = -2*x - 2*x. What is the remainder when 15 + (-5 + 0)/(49 - 48) is divided by c(x)?
4
Let x(g) = g**3 + 24*g - 16. Calculate the remainder when 151 is divided by x(4).
7
Let s = 18 + 5. Let a(z) = 6*z**2 - 58*z + 118. Calculate the remainder when a(8) is divided by s.
15
Let c(h) = 2*h**2 - 146*h + 2348. Calculate the remainder when c(20) is divided by 23.
21
Let x(i) = i**3 - 14*i**2 + 41*i - 2. What is the remainder when 259 is divided by x(4)?
1
Let n = 23506 + -16741. Calculate the remainder when n is divided by 94.
91
Let a(l) = 18*l + 100. Let b be a(7). Let i = 240 - b. Calculate the remainder when i is divided by 11.
3
Suppose -b = 2*h - 11, 2*h - 13 = -4*b + 7. Suppose j = b*j - 56. Calculate the remainder when j is divided by 13.
2
Let l be -3 + -3 + (-75)/(25/(-5)). Suppose -l*q - 236 = -13*q. What is the remainder when 114 is divided by q?
55
Let q be (-8)/12 + (8/(-6) - -2). Suppose 0 = -f + 4*j + 3, -f = 4*f + 2*j - 125. Calculate the remainder when (0 + q - -2) + 39 is divided by f.
18
Let l(f) = 2*f**2 - 9*f + 1. Let b(c) = c**2 - 361*c - 1087. Calculate the remainder when l(6) is divided by b(-3).
4
Calculate the remainder when (3/(975/(-364)))/((-3)/30)*30 is divided by 55.
6
Calculate the remainder when (7/3)/((-3)/(-189)) is divided by 135.
12
Let t(k) = -2*k**2 + k + 6. Let m(s) = 5*s**2 - 3*s - 18. Let q(o) = -3*m(o) - 8*t(o). What is the remainder when 182 is divided by q(-8)?
58
Suppose -a - 70 = -6*a. Suppose 3*c = a*c - 1001. Suppose 0 = -6*p + c - 1. What is the remainder when 26 is divided by p?
11
What is the remainder when (-2517)/(-4) - 1 - 1022/(-584) is divided by 159?
153
Suppose -10964 = -104*n + 580. What is the remainder when n is divided by 26?
7
Let i = 26103 + -25942. What is the remainder when 11429 is divided by i?
159
Let k be (3*(-112)/60)/((-6)/15). Let l(u) = -u**2 + 18*u + 14. Calculate the remainder when l(k) is divided by 37.
33
Let z be -1*(2 - -1)*(62 + -63). Suppose -k - 56 = -z*k - 2*t, -5*k = -4*t - 176. Calculate the remainder when 94 is divided by k.
30
Suppose 60*i - 56*i + 2*y - 2642 = 0, -4*i = 3*y - 2637. Calculate the remainder when i is divided by 6.
3
Let q = -84 + 104. Suppose 11 + 43 = l + 3*f, -4*f = -3*l + 162. What is the remainder when l is divided by q?
14
Let y(q) = 5*q**2 + 15*q - 8. Suppose 7*v - 187 - 121 = 0. What is the remainder when v is divided by y(-4)?
8
Suppose 0 = 5*n - 4*r + 3018, 2*r = 5*r - 6. Let l = -302 - n. Calculate the remainder when l is divided by 77.
69
What is the remainder when 150 is divided by ((-5)/(-30)*-4)/((-4925)/(-705) - 7)?
9
Let v be (2/10)/((-4)/(-40)). Suppose v*j - 4*l - 188 = 0, 6*j - 11*j = -l - 425. Calculate the remainder when j is divided by 21.
0
Let p = -10 - -19. Let r be (17/(-5))/(((-56)/40)/7). Suppose b - 19 = -2*o, 0 = -4*b - 4*o + r + 47. What is the remainder when b is divided by p?
4
Let z = -804 - -1167. Let i = 833 - 772. What is the remainder when z is divided by i?
58
Let l = -28 + 74. Suppose 0 = 48*u - 57*u + 117. Let b(k) = -k**2 + 12*k + 26. What is the remainder when l is divided by b(u)?
7
Let a = -67 + 69. Suppose -5*s = -32 + a. Calculate the remainder when 4/6 - 46/(-3) is divided by s.
4
Let s(l) = -51*l + 2. Let d be s(-1). Suppose -5*z - 151 + 421 = 0. Suppose -11 = -z*h + d*h. Calculate the remainder when h is divided by 3.
2
Let w = 4669 + -4500. What is the remainder when 350 is divided by w?
12
Let g(n) = -714*n - 469. What is the remainder when g(-2) is divided by 32?
31
Calculate the remainder when 608 is divided by (2068/(-33))/((-44)/33).
44
Suppose p = 4*v + 9, 3*v = 5*p - 0 + 6. Calculate the remainder when (-272)/(-12) + (-1)/v is divided by 4*(-1 - (-35)/20) - -13.
7
What is the remainder when 1851 is divided by -2*(87/6)/(26/(-104))?
111
Let s(q) = 3*q**2 - 2*q + 3. Let p be s(1). Suppose -o - 1 + 62 = p*m, -71 = -5*m + 4*o. What is the remainder when 53 is divided by m?
8
Calculate the remainder when 552 is divided by (186/5)/(-1)*100/(-60).
56
Suppose 11*q - 7*q - 96 = 4*o, 5*o = -4*q - 120. What is the remainder when 52 is divided by (1 - 2)*2*324/o?
25
Let i = 29 + -24. Suppose -3*u + 27 = d, -i*d - 29 = -4*u + 7. Suppose -2*j = -0*j - 86. Calculate the remainder when j is divided by u.
7
Let z = 26 - -118. What is the remainder when z is divided by 49?
46
Let a be 10/(-4) + (-44)/(-8). Suppose -2 = -5*d + a, -3*h = -d - 578. Calculate the remainder when h is divided by 17.
6
Let l(v) = 2*v**3 + 29*v**2 + 14*v - 28. Let h be l(-13). Suppose -h = -52*w + 49*w. Calculate the remainder when w is divided by 17.
14
Let r = 3 + -1. Suppose 5*b + 47 = 3*z, -r*b = -2*z - 6*b + 24. Suppose -4*d + 4 = i - 0*i, 0 = 3*d + 5*i + z. What is the remainder when 7 is divided by d?
1
Suppose -89*l = -91*l + 14. Calculate the remainder when 68 is divided by 2/l - 329/98*-16.
14
Let t(a) = 31*a - 64. Let g be t(2). Calculate the remainder when 385 is divided by 92 + g*25/(-10).
94
Let x(l) = -l**3 - 15*l**2 - 775*l - 9705. Suppose 3*d + 0*d = -21. Let m = d + 18. What is the remainder when x(-13) is divided by m?
10
Let i(s) = 4*s**2 - 121*s + 43. Let x be i(30). What is the remainder when (-16101)/